True
Is 21595859 composite?
False
Is 59558659 a prime number?
True
Is 605531 composite?
False
Is 8760571 composite?
False
Is 22035799 a prime number?
False
Is 9160079 a composite number?
True
Is 27115107 a composite number?
True
Is 3005919983 composite?
True
Is 1899941 prime?
False
Is 6250633 prime?
True
Is 116056945 prime?
False
Is 406515763 a prime number?
True
Is 4564073 prime?
True
Is 16264439 a prime number?
True
Is 145088551 a composite number?
True
Is 469582781 a prime number?
False
Is 224491 prime?
True
Is 1031642737 a prime number?
True
Is 231804871 prime?
False
Is 245125079 a prime number?
True
Is 157098899 a composite number?
False
Is 20916331 prime?
True
Is 1756817 composite?
False
Is 231316139 a prime number?
False
Is 65513417 prime?
False
Is 485731 a prime number?
True
Is 100477747 a composite number?
False
Is 457806127 prime?
False
Is 76267391 composite?
False
Is 1760657 composite?
False
Is 36632809 composite?
False
Is 26357251 prime?
True
Is 4627603 a composite number?
False
Is 228846361 a prime number?
False
Is 999240899 prime?
True
Is 14669777 a composite number?
True
Is 421960355 a composite number?
True
Is 99942839 prime?
True
Is 13455853 composite?
False
Is 1469705 composite?
True
Is 40926077 a composite number?
True
Is 56884169 prime?
True
Is 611641 prime?
True
Is 1989257 a prime number?
False
Is 5406439 composite?
False
Is 2413393 prime?
False
Is 83160149 prime?
True
Is 934873361 a prime number?
True
Is 10333703 a prime number?
True
Is 52910881 a composite number?
True
Is 25498709 prime?
False
Is 21315127 a prime number?
False
Is 183493909 prime?
False
Is 195777755 a composite number?
True
Is 2218157 composite?
False
Is 29540081 composite?
False
Is 7688117 composite?
False
Is 420917243 a composite number?
True
Is 19825291 a composite number?
False
Is 55532017 prime?
True
Is 4548097 a composite number?
True
Is 30184381 prime?
True
Is 12735542 composite?
True
Is 179053471 a composite number?
True
Is 6321677 prime?
True
Is 26099347 composite?
False
Is 687049 composite?
True
Is 3898519 composite?
True
Is 16101433 composite?
False
Is 48069473 prime?
False
Is 34712569 a prime number?
True
Is 23895113 a composite number?
True
Is 2682827 prime?
False
Is 41523829 prime?
True
Is 10570657 a prime number?
False
Is 260971 composite?
True
Is 7515257 a composite number?
True
Is 9019453 a prime number?
False
Is 894913 prime?
False
Is 2985107 composite?
False
Is 88743119 prime?
True
Is 19973029 prime?
True
Is 516407 composite?
False
Is 55323941 a composite number?
False
Is 13264579 a composite number?
False
Is 6313829 a composite number?
False
Is 9446981 a prime number?
True
Is 17235749 composite?
False
Is 37126667 a prime number?
True
Is 1564139 composite?
False
Is 19178282 a prime number?
False
Is 80819647 composite?
True
Is 63677459 composite?
False
Is 35845583 prime?
True
Is 2978377 prime?
True
Is 92891177 a composite number?
True
Is 2935409 prime?
False
Is 48669707 a composite number?
False
Is 135929 a composite number?
False
Is 242662561 prime?
True
Is 410877227 a prime number?
True
Is 549294511 a composite number?
False
Is 222319 a prime number?
False
Is 11130569 a prime number?
True
Is 22603783 a prime number?
True
Is 881189 composite?
True
Is 2935687 a composite number?
False
Is 20826997 a prime number?
False
Is 16909591 a prime number?
True
Is 2713283 a composite number?
False
Is 50139067 prime?
False
Is 13818193 composite?
True
Is 193449 prime?
False
Is 84588851 composite?
False
Is 36186883 a prime number?
False
Is 5210941 a prime number?
True
Is 4979405 prime?
False
Is 159287 a composite number?
False
Is 10190003 prime?
True
Is 7258571 a prime number?
True
Is 7879537 composite?
False
Is 226012369 composite?
True
Is 269266453 a prime number?
True
Is 6946729 composite?
False
Is 713160349 composite?
True
Is 64966753 a prime number?
True
Is 471014603 prime?
True
Is 31382635 prime?
False
Is 895715 a composite number?
True
Is 122911583 a composite number?
False
Is 21773705 prime?
False
Is 3749201 composite?
True
Is 10660627 composite?
False
Is 739327 prime?
True
Is 1478315 composite?
True
Is 57170329 prime?
False
Is 127285261 composite?
False
Is 95494673 a prime number?
False
Is 1980053 prime?
True
Is 176482 a composite number?
True
Is 36897613 composite?
True
Is 4370273 a composite number?
False
Is 3821641 a composite number?
True
Is 6199601 composite?
False
Is 125429 a composite number?
False
Is 253730489 prime?
True
Is 4280114 prime?
False
Is 1714919 a prime number?
True
Is 7124587 a prime number?
False
Is 4206469 a composite number?
False
Is 8634347 prime?
True
Is 111824881 a composite number?
True
Is 2957351 a composite number?
True
Is 46016027 composite?
False
Is 26946443 composite?
False
Is 66117434 composite?
True
Is 2675557 a composite number?
False
Is 2543383 a composite number?
True
Is 227845 composite?
True
Is 5747135 a composite number?
True
Is 3836581 a prime number?
False
Is 17535751 a prime number?
False
Is 3741311 a prime number?
False
Is 944059 a prime number?
False
Is 31237639 a composite number?
False
Is 29483413 a composite number?
True
Is 16653101 a prime number?
False
Is 160001 prime?
True
Is 13692037 a prime number?
True
Is 2939537 prime?
False
Is 12340641 composite?
True
Is 3345659 a prime number?
True
Is 145649 a prime number?
False
Is 426161 a composite number?
False
Is 11460481 a prime number?
False
Is 1425649 prime?
True
Is 1228763 composite?
False
Is 61935889 a composite number?
False
Is 2015341 a prime number?
False
Is 15962521 a composite number?
False
Is 27782273 a composite number?
True
Is 109520155 a prime number?
False
Is 87246571 prime?
False
Is 67241203 composite?
True
Is 860209 a composite number?
True
Is 63988303 a prime number?
True
Is 114449 composite?
True
Is 1247297 composite?
False
Is 368771749 composite?
False
Is 35799089 composite?
False
Is 14245906 composite?
True
Is 17761547 a composite number?
False
Is 8747381 composite?
False
Is 10201049 composite?
False
Is 197203 a prime number?
True
Is 633040687 a prime number?
True
Is 3146333 composite?
True
Is 238876181 composite?
True
Is 1298158 a composite number?
True
Is 240292769 prime?
False
Is 5017809 a prime number?
False
Is 18739943 a composite number?
True
Is 2173307 a prime number?
True
Is 374542153 composite?
True
Is 100523281 a composite number?
True
Is 65413 composite?
False
Is 444581 a composite number?
True
Is 605118679 a composite number?
True
Is 277865923 a composite number?
True
Is 114276181 a prime number?
True
Is 10386791 composite?
True
Is 82586321 a prime number?
True
Is 44214685 prime?
False
Is 29138453 a prime number?
True
Is 4013111 composite?
False
Is 8329021 a composite number?
True
Is 5696813 a composite number?
False
Is 1919341 a composite number?
False
Is 75609223 a composite number?
False
Is 150914983 prime?
False
Is 4730338 prime?
False
Is 283895713 a composite number?
False
Is 11950007 a composite number?
False
Is 6511111 prime?
True
Is 6935987 a prime number?
False
Is 393674113 a composite number?
True
Is 7589047 a prime number?
True
Is 73369463 composite?
False
Is 3078563 prime?
True
Is 1315125937 a prime number?
True
Is 13872809 a composite number?
False
Is 172877207 a composite number?
True
Is 56621585 prime?
False
Is 3928577 composite?
False
Is 14647583 a prime number?
True
Is 1717585 prime?
False
Is 16974559 a composite number?
True
Is 3337109 a prime number?
True
Is 357315149 prime?
True
Is 3802837 composite?
False
Is 83357 a prime number?
True
Is 277362353 prime?
False
Is 69543035 a prime number?
False
Is 797843 a prime number?
False
Is 6858581 a composite number?
False
Is 271421 prime?
False
Is 14054387 a prime number?
True
Is 37563571 composite?
True
Is 179511718 composite?
True
Is 18780539 prime?
True
Is 19667029 a prime number?
False
Is 227158957 a prime number?
True
Is 105758195 prime?
False
Is 5056027 a prime number?
True
Is 720281 a composite number?
False
Is 139340987 prime?
True
Is 150457381 prime?
True
Is 161263237 a composite number?
False
Is 5263057 a prime number?
False
Is 2491117 prime?
True
Is 7054809 a composite number?
True
Is 3283283 prime?
True
Is 4739377 a composite number?
False
Is 20962817 a composite number?
False
Is 126749839 composite?
True
Is 837307 prime?
True
Is 6614437 a